{"id":2577,"date":"2022-01-10T21:13:42","date_gmt":"2022-01-11T01:13:42","guid":{"rendered":"https:\/\/bgodgaming.cl\/?post_type=product&#038;p=2577"},"modified":"2026-03-16T18:28:50","modified_gmt":"2026-03-16T22:28:50","slug":"teclado-mecanico-60-outemu-red-switch","status":"publish","type":"product","link":"https:\/\/bgodgaming.cl\/index.php\/product\/teclado-mecanico-60-outemu-red-switch\/","title":{"rendered":"TECLADO MEC\u00c1NICO 60% RED SWITCH"},"content":{"rendered":"<ul>\n<li><strong>Producto:<\/strong> Teclado Mec\u00e1nico 60% RGB Negro<\/li>\n<li><strong>Marca:<\/strong> BGOD Gaming<\/li>\n<li><strong>Modelo:<\/strong> BG61<\/li>\n<li><strong>Keycaps:<\/strong> 61 teclas de doble inyecci\u00f3n (incluye herramienta para remover keycaps\/switches)<\/li>\n<li><strong>Layout:<\/strong> Ingl\u00e9s<\/li>\n<li><strong>Funci\u00f3n anti-ghost:<\/strong> Si, en todas las teclas<\/li>\n<li><strong>Conexi\u00f3n:<\/strong> Cable micro USB de 1,8 mts. (incluido)<\/li>\n<li><strong>Bluetooth:<\/strong> Si<\/li>\n<li><strong>Macros programables:<\/strong> Si<\/li>\n<li><strong>Multimedia shortcuts:<\/strong> Si<\/li>\n<li><strong>RGB:<\/strong> Programable por software o mediante teclas<\/li>\n<li><strong>Tipo de switch:<\/strong> Marca Outemu &#8211; Red<\/li>\n<li><strong>Fuerza de actuaci\u00f3n:<\/strong> 60g<\/li>\n<li><strong>Hotswap:<\/strong> Si (permite cambiar switches)<\/li>\n<li><strong>Vida \u00fatil:<\/strong> 50.000.000 de clicks por tecla<\/li>\n<li><strong>Peso:<\/strong> 500 gr.<\/li>\n<li><strong>Compatible con:<\/strong> Windows, Mac, PS4 y XBOX<\/li>\n<li><strong>Garant\u00eda:<\/strong> 3 meses<\/li>\n<li><strong>Material teclado y keycaps:<\/strong> ABS<\/li>\n<li><strong>Material Case:<\/strong> Pl\u00e1stico<\/li>\n<\/ul>\n","protected":false},"excerpt":{"rendered":"<p>Teclado mec\u00e1nico compacto, ligero y resistente. Tiene doble inyecci\u00f3n en todas las teclas para mayor durabilidad, utiliza switches <strong>Outemu Red<\/strong>. Teclado mec\u00e1nico id\u00f3neo para gamers, con luces RGB controlables mediante software o teclas, disponible en color negro.<\/p>\n<p>El switch <strong>Outemu Red<\/strong> es de tipo lineal. Dise\u00f1ador para videojuegos, ya que tienen una actuaci\u00f3n r\u00e1pida y silenciosa.<\/p>\n<p><a href=\"https:\/\/drive.google.com\/file\/d\/1BbTXYdTs3PPSBdDvt87n_FsaFercgtr7\/view?usp=sharing\" target=\"_blank\" rel=\"noopener\"><strong>Descargar Software del Teclado<\/strong><\/a><\/p>\n","protected":false},"featured_media":3081,"comment_status":"open","ping_status":"closed","template":"","meta":{"_kad_post_transparent":"default","_kad_post_title":"","_kad_post_layout":"default","_kad_post_sidebar_id":"","_kad_post_content_style":"default","_kad_post_vertical_padding":"default","_kad_post_feature":"","_kad_post_feature_position":"","_kad_post_header":false,"_kad_post_footer":false,"_kad_post_classname":"","_joinchat":[]},"product_brand":[],"product_cat":[83,90],"product_tag":[87,80,86,88],"class_list":{"0":"post-2577","1":"product","2":"type-product","3":"status-publish","4":"has-post-thumbnail","6":"product_cat-perifericos","7":"product_cat-teclados","8":"product_tag-mecanico","9":"product_tag-rgb","10":"product_tag-teclado","11":"product_tag-teclado-mecanico","13":"first","14":"instock","15":"sale","16":"taxable","17":"shipping-taxable","18":"purchasable","19":"product-type-simple","20":"entry","21":"content-bg","22":"loop-entry"},"_links":{"self":[{"href":"https:\/\/bgodgaming.cl\/index.php\/wp-json\/wp\/v2\/product\/2577","targetHints":{"allow":["GET"]}}],"collection":[{"href":"https:\/\/bgodgaming.cl\/index.php\/wp-json\/wp\/v2\/product"}],"about":[{"href":"https:\/\/bgodgaming.cl\/index.php\/wp-json\/wp\/v2\/types\/product"}],"replies":[{"embeddable":true,"href":"https:\/\/bgodgaming.cl\/index.php\/wp-json\/wp\/v2\/comments?post=2577"}],"wp:featuredmedia":[{"embeddable":true,"href":"https:\/\/bgodgaming.cl\/index.php\/wp-json\/wp\/v2\/media\/3081"}],"wp:attachment":[{"href":"https:\/\/bgodgaming.cl\/index.php\/wp-json\/wp\/v2\/media?parent=2577"}],"wp:term":[{"taxonomy":"product_brand","embeddable":true,"href":"https:\/\/bgodgaming.cl\/index.php\/wp-json\/wp\/v2\/product_brand?post=2577"},{"taxonomy":"product_cat","embeddable":true,"href":"https:\/\/bgodgaming.cl\/index.php\/wp-json\/wp\/v2\/product_cat?post=2577"},{"taxonomy":"product_tag","embeddable":true,"href":"https:\/\/bgodgaming.cl\/index.php\/wp-json\/wp\/v2\/product_tag?post=2577"}],"curies":[{"name":"wp","href":"https:\/\/api.w.org\/{rel}","templated":true}]}}